 Give f(l).
6
Suppose 3284 = a - 5*b, a - 2*a + 3296 = b. Let p(f) = -a + 2*f - 3*f + 3293. Let l(z) = -z**3 - 10*z**2 + 1. Let s be l(-10). Calculate p(s).
-2
Let q be 3 - 2*(-1)/(-2). Let a(g) be the first derivative of -g**7/840 - g**4/24 - 6*g**3 - 2*g + 11. Let f(z) be the third derivative of a(z). Give f(q).
-9
Let c(k) be the first derivative of -k**4/4 - 2*k**3/3 + 4*k**2 + 3*k - 2017. Give c(-4).
3
Suppose -9*l - 355 = -400. Let u = 1 + -1. Suppose 2*q + 4*p = q - 17, u = l*q + 3*p + 34. Let c(v) = -2*v - 3. Determine c(q).
7
Suppose 81 - 69 = 4*m. Let x(b) = m*b + 12*b**2 - 12 - 1 + 31 - 15*b - b**3 - 6. Calculate x(11).
1
Let n(w) = -w**2 - 7*w - 2 - 7 + 3. Suppose 10*l = -19*l. Suppose l = -17*r + 3*r - 70. What is n(r)?
4
Let n(h) = -27*h - 4. Suppose 290 - 140 = -75*g. Calculate n(g).
50
Let g(z) = -26*z - 123. Let h be 2*(-15)/8*(-596)/(-447). Give g(h).
7
Let q(t) = 2*t**2 + 10*t + 3. Let c be q(-5). Suppose -7*o = -8*o, -c*l = -5*o + 12. Let p(y) = 3*y**2 + 5*y - 1. Give p(l).
27
Suppose 35 = -4*m + 5*p, -1252*m - 4*p + 28 = -1250*m. Let g(l) = -l**3 + l**2 + 2*l - 15. What is g(m)?
-15
Let z = -38 + 38. Suppose 8*p - 3*p + 6 = -2*j, -j + 2 = z. Let s(g) = -8*g - 6. Let x(i) = -4*i - 3. Let k(y) = -2*s(y) + 5*x(y). Give k(p).
5
Let w(v) = -2*v - 4. Let g be 2/(-5) - 42/(-5). Let z(s) = -20 + s**2 - 3*s**2 + 2*s**2 + 11*s - s**2. Let y be z(g). Calculate w(y).
-12
Let r(l) = -44*l**2 - 268*l - 35. Let a be r(-6). Let s(k) = -8*k - 20. Determine s(a).
68
Let o(y) = -112*y + 280*y - 5 - 89*y - 101*y. Calculate o(-1).
17
Let t(n) = 10*n**2 - 24*n + 47*n**2 + 13*n**2 - 69*n**2 - 44. Determine t(26).
8
Let c = 445 - 451. Let t(s) be the third derivative of -s**5/60 - 11*s**4/24 + s**3/2 - 3*s**2. Calculate t(c).
33
Let d(f) = f + 10. Let l be d(-1). Let b(z) = 2*z - 4*z**2 + 8*z**2 + l - 5*z**2 + 4*z. Give b(8).
-7
Suppose 10 = 23*d - 18*d. Let o be 2/d - (3 - 52). Let v(h) = -5*h - 135 + 40 + 49 + o. Determine v(3).
-11
Let l(r) = -r**3 - 16*r**2 + 8. Let x be l(-16). Suppose -33 = -5*c - x. Let k(z) = -z**3 + 5*z**2 - 3*z + 10. Give k(c).
-5
Let d(o) = 16*o**2 + 42*o - 48. Let v(t) = 5*t**2 + 13*t - 17. Let f(y) = 4*d(y) - 13*v(y). Calculate f(-8).
-27
Let b = 17 + -13. Suppose 3*q = 5*j + 8*q - 30, 0 = -2*j + 2*q - b. Let r(p) = -2*p**2 + 5*p - p + 4*p**j. What is r(-3)?
6
Suppose 2837 = -5*z - 4*w + 2820, 0 = -w - 8. Let h(l) be the first derivative of 0*l**z + l**2 - l + 5/2*l**4 - 13. Calculate h(1).
11
Let b(k) = 65*k**2 - 169*k**2 + k**3 + 9*k - 17 + 96*k**2. Calculate b(7).
-3
Let n(w) be the first derivative of 10*w + 1/12*w**4 - 4 + 2*w**2 - 4/3*w**3. Let v(m) be the first derivative of n(m). Give v(7).
-3
Let n(d) = 2*d**2 - 9*d - 12. Let x(v) = 5*v**2 - 18*v - 25. Let i(r) = -7*n(r) + 3*x(r). Suppose -1052*k + 30*k - 519 - 7671 = -14. Calculate i(k).
1
Let w(v) be the third derivative of -v**4/8 - 50*v**3/3 - 2*v**2 - 94*v. Calculate w(-37).
11
Suppose 89 = 2*u - 0*u - 3*w, 0 = -2*u - 5*w + 49. Suppose -35*s + u*s - 10 = 0. Suppose 0 = s*i - 43 + 53. Let h(m) = m**3 + 4*m**2 - 2*m - 2. Determine h(i).
10
Let h(o) = o**3 + 4*o**2 - 4. Let m be (-4)/(-16) + (-4)/16. Suppose -v = -m*v. Suppose 5*g + v*r = -4*r - 27, 0 = -5*g + 4*r - 3. Calculate h(g).
5
Suppose -5*i - 39 = 2*o, o - 12 = 5*i + 6. Let t = -19 - -21. Let x(n) = -n + 3*n - 6*n - 10 - n**2 - t*n. Determine x(o).
-17
Let g(c) = c**2 - 5*c - 4. Let a = 295 - 448. Let i = 158 + a. Determine g(i).
-4
Let n(k) = -20*k - 258. Let c be n(-13). Let u(q) be the first derivative of -q + 16 + 1/4*q**4 - q**3 - 2*q**c. What is u(3)?
-13
Let i(a) = -a**2 - 4*a + 11. Suppose -21 = -4*k - 3*w, -493*w + 492*w - 31 = -5*k. Determine i(k).
-49
Let m be 9/12*-4 - 9. Let q = 7 + m. Let v(x) = x**3 + 4*x**2 - 5*x - 1. What is v(q)?
-1
Let i(x) = 5*x + 1. Suppose 129 + 19 = 2*m. Suppose 0 = 15*s - 166 - m. Suppose 5*h - 3*n + s = 0, -3*h = -0*h + 5*n - 4. What is i(h)?
-9
Let b(q) be the third derivative of q**5/120 + 17*q**4/24 - 23*q**3/3 + 49*q**2. Let a(w) be the first derivative of b(w). Determine a(-12).
5
Suppose 11*q = 20*q - 0*q. Suppose w + 2 = q, 5*w - 2 + 4 = 2*u. Let a(k) = k**2 + 3*k - 5. What is a(u)?
-1
Let c(a) be the first derivative of -1/60*a**5 - 15/2*a**2 - 34 + 3/8*a**4 + 0*a + 11/6*a**3. Let y(j) be the second derivative of c(j). What is y(9)?
11
Let a be (-18 - -25)/(2 - 1). Suppose 0 = q + a + 5. Let s be (-24)/(-18) - (-100)/q. Let m(f) = f + 1. What is m(s)?
-6
Let v = -300 - -192. Let k = v - -102. Let i(u) = u**3 + 6*u**2 - 1. What is i(k)?
-1
Let s(h) be the third derivative of 5 - 2/3*h**3 - 1/12*h**4 + 0*h - 4*h**2. Calculate s(-2).
0
Let w(q) = q**3 + 19*q**2 - 25*q - 40. Let k be w(-20). Let h = -63 + k. Let a(p) = -p + 2. Give a(h).
5
Let h(d) be the second derivative of 0*d**3 + 12*d + 0 + 5/2*d**2 + 1/20*d**5 - 3/4*d**4. Let k = 468 + -459. What is h(k)?
5
Let t(h) = h**2 - 6*h + 6. Suppose -252*j - 485*j + 6864 = 121*j. What is t(j)?
22
Let g(d) = -34*d + 13. Let x(y) = -12*y + 4. Let a(o) = -3*g(o) + 10*x(o). Suppose 0 = -5*q + 4*h - 15, 0 = 2*q + 7*h - 2*h - 27. Calculate a(q).
-17
Let d(a) = a**3 - 4*a**2 - a + 3. Let x be d(4). Let u = -68 - -73. Let n(g) = u - g**2 - 522*g**3 + 532*g**3 - 4. Give n(x).
-10
Let w(f) = -f + 4. Let l be w(2). Suppose 0 = l*u + 2, 3*s = 4*s - 3*u - 1. Let d(p) = -p**3 - 2*p**2 - 2*p + 2. Calculate d(s).
6
Let a be (-1*3)/(1/(-1)). Let g(x) = -13*x - 44. Let s be g(-4). Let j(d) = 2*d - d**2 - s*d**3 - a*d - 9 + 9. Determine j(-1).
8
Let k(i) = i**2 + 5*i + 1. Let d(w) = w**3 - 39*w**2 - 4*w + 152. Let z be d(39). Determine k(z).
-3
Suppose 0 = 4*s - 5*l - 145, 4*l - 3 = 9. Let c(d) = -s*d**2 - 4*d**3 + 3*d**3 - 4 + 46*d**2 + 5*d. What is c(6)?
26
Let n = -7039 - -7031. Let k(y) = 2*y**2 + 18*y - 3. Calculate k(n).
-19
Let j(w) = w**2 + 45*w + 285. Let a be j(-8). Let f(d) = -d**2 - 9*d - 22. What is f(a)?
-44
Suppose 5*q - 2*j + 0*j - 17 = 0, 5*j + 20 = 5*q. Let v(w) = 396*w**3 - 3*w**2 - 4 + 374*w**3 - 3*w - 768*w**3 + 0. Determine v(q).
14
Let o(h) be the second derivative of h**4/12 + 3*h**2/2 + h. Suppose 0 = -g - 4*t + 14, 4*g + 27 = 4*t + 3. Let d be (-48)/(-18)*3/g. What is o(d)?
19
Suppose 3*k - 19 = 23. Let b(p) = 0*p - k*p + 6 + 3*p + p**2. Let t be (1 + -2 - 9)*(-1 + 0). Calculate b(t).
-4
Let l(q) be the third derivative of q**5/60 - 2*q**4/3 + 7*q**3 - 22*q**2 - 13*q. Calculate l(10).
-18
Suppose -74*o = -81*o. Let g(d) = 5*d + 9. What is g(o)?
9
Suppose 3*f - 9 = 0, -5*j - 31 = -0*f - 2*f. Suppose 7*s - 148 = 27. Let c(v) = -v + 17 + 5 - s. Calculate c(j).
2
Let c = 6031 + -6036. Let t(b) = 6*b + 28. Determine t(c).
-2
Let t be (10/(-30))/((-2)/18). Suppose 2*w = -3*b + 13, 3*w = 7*w - t*b - 53. Let i(c) = -4*c + 42. Give i(w).
-2
Let c(x) = -26*x + 9*x + 17 + 315*x**2 - 314*x**2. What is c(1)?
1
Let n(o) = -32*o**3 - 2*o**2 + 1. Let d be -1 + (-12)/(96/(-760)). Let y = -163 + 70. Let k = d + y. Calculate n(k).
-33
Let k(i) be the first derivative of -206 + 4/3*i**3 - 3*i + 2*i**2. What is k(2)?
21
Let o be (-54)/(-12)*(4 + -2). Let k(r) = -o + 4 + 9 + 0*r + r. Give k(4).
8
Let y(f) = 877 - 1741 + 868 - 5*f. Calculate y(2).
-6
Let x = 2426 + -2436. Let q(v) = v**3 + 11*v**2 + 12*v + 1. Determine q(x).
-19
Let p(c) = 1059*c**2 - 544*c**2 + 2*c - 525*c**2 + 2 - 1. Suppose -5*z = -2*w - 0*z - 22, z - 6 = 2*w. Determine p(w).
-11
Let w(l) be the third derivative of l + 0 - 1/2*l**3 - 2*l**2 - 1/12*l**4. Give w(-2).
1
Let w(h) = h**2 - 17*h - 225. Let t be w(25). Let p(c) = c**3 + 24*c**2 - 25*c + 3. What is p(t)?
3
Let x(o) = -o**2 + 4*o - 5. Let n be x(4). Let m(c) be the third derivative of -c**5/60 - 5*c**4/24 - 2*c**3/3 + 6061*c**2. Give m(n).
-4
Let g = 41 + -38. Let b(s) = -5*s**2 + 15*s - 3*s**3 + 4 - 5*s + 2*s**g - 8*s. Give b(-5).
-6
Let h(l) = -477*l**2 + 952*l**2 - 471*l**2 - 3 + 0. Calculate h(-2).
13
Let t(r) = -16*r**2 - 39*r + 25. Let h(d) = -13*d**2 - 29*d + 24. Let y(j) = -6*h(j) + 5*t(j). Determine y(-9).
8
Let g be 7/((-7)/(-2) - 4). Let p = g + 14. Suppose 3*t + l - 5 = p, 6 + 4 = 5*l. Let n(a) = 15*a**3 + a. Give n(t).
16
Let v(w) = 12*w**2 + 3*w + 0 + 6 - 35*w**2 - w**3 + 6*w**2 + 9*w**2. Determine v(-8).
-18
Let k be 8 - ((-9)/18)/((-2)/12). Let n(m) = 6 + 5 - 7186*m**2 + 